{"id":4219,"date":"2025-07-25T12:28:42","date_gmt":"2025-07-25T10:28:42","guid":{"rendered":"https:\/\/kutsam.at\/blog\/?page_id=4219"},"modified":"2025-07-25T12:38:50","modified_gmt":"2025-07-25T10:38:50","slug":"qrbadhallgeschichte","status":"publish","type":"page","link":"https:\/\/kutsam.at\/blog\/qrbadhallgeschichte\/","title":{"rendered":"Geschichte vom Modehaus Kutsam in Bad Hall am Hauptplatz 21"},"content":{"rendered":"\n<p><strong>Altes Huttererhaus<\/strong><\/p>\n\n\n\n<p><strong>Hutmachertradition vom 17.- 19. Jahrhundert<\/strong><\/p>\n\n\n\n<p><strong>Modegesch\u00e4ft w\u00e4hrend der Kursaison ab 1880<\/strong><\/p>\n\n\n\n<p><strong>Kutsam seit 1959<\/strong><\/p>\n\n\n\n<figure class=\"wp-block-image\"><a href=\"https:\/\/www.forumhall.at\/llahmurof2012\/wp-content\/uploads\/2023\/01\/Sch8-F161016Hauptpl.Kutsam.1962.jpg\"><img decoding=\"async\" src=\"https:\/\/www.forumhall.at\/llahmurof2012\/wp-content\/uploads\/2023\/01\/Sch8-F161016Hauptpl.Kutsam.1962-1024x681.jpg\" alt=\"\" class=\"wp-image-5630\"\/><\/a><figcaption class=\"wp-element-caption\">Ansicht 1962<\/figcaption><\/figure>\n\n\n\n<p><strong>Chronik des Hauses<\/strong><\/p>\n\n\n\n<p>1750: \u201eSoldatenquartier\u201c<\/p>\n\n\n\n<p>1753: Franz&nbsp;<strong>Dick<\/strong>, ein Hutmacher \u201eHuterer\u201c und Eintrag als \u201eradiziertes Gewerbe\u201c<\/p>\n\n\n\n<p>1788 Johann&nbsp;<strong>La\u00dfleben<\/strong>&nbsp;\u2013&nbsp;<strong>B\u00fcrgermeister&nbsp;<\/strong>des Marktes Hall von 1800 \u2013 1806.<\/p>\n\n\n\n<p>1801 Manufakturtabelle: der Hutmacher, ein Geselle und ein Gehilfe fertigen 269 St\u00fcck im Jahr an.<\/p>\n\n\n\n<p>1821 Johann La\u00dfleben hat 13 Joch Grund, vier K\u00fche und ein Jungvieh im Stall.<\/p>\n\n\n\n<p>1848 Mathias&nbsp;<strong>Galler<\/strong><\/p>\n\n\n\n<p>1880 Anton und Anna&nbsp;<strong>Ertl<\/strong>, Fremdenpension und Modegesch\u00e4ft Sonnenschein im Sommer.<\/p>\n\n\n\n<p>1886 Franz und Josefa&nbsp;<strong>Strnad&nbsp;<\/strong>(sp\u00e4ter: \u201eSternad\u201c)<\/p>\n\n\n\n<p>1921 Klara&nbsp;<strong>Sternad&nbsp;<\/strong>\u2013 Ende des Hutgesch\u00e4ftes 1913, Delikatessengesch\u00e4ft Sedlazek<\/p>\n\n\n\n<p>1959 Kauf durch Firma&nbsp;<strong>Kutsam<\/strong><\/p>\n\n\n\n<p><strong>Heutige Nutzung<\/strong>: Modegesch\u00e4ft und Wohnhaus<\/p>\n\n\n\n<figure class=\"wp-block-image\"><a href=\"https:\/\/www.forumhall.at\/llahmurof2012\/wp-content\/uploads\/2023\/01\/1882.sonnenschein.hauptplatz21.jpg\"><img data-dominant-color=\"ebddda\" data-has-transparency=\"false\" style=\"--dominant-color: #ebddda;\" decoding=\"async\" sizes=\"(max-width: 1100px) 100vw, 1100px\" src=\"https:\/\/www.forumhall.at\/llahmurof2012\/wp-content\/uploads\/2023\/01\/1882.sonnenschein.hauptplatz21-821x1024.jpg\" alt=\"\" class=\"wp-image-5625 not-transparent\"\/><\/a><figcaption class=\"wp-element-caption\">Saison 1882<\/figcaption><\/figure>\n\n\n\n<p><a href=\"https:\/\/www.forumhall.at\/alte-haeuser-erzaehlen\/\">Mehr \u00fcber Alte H\u00e4user erz\u00e4hlen finden Sie auf der Homepage des Forum Hall<\/a><\/p>\n\n\n\n<p><\/p>\n\n\n\n<p><\/p>\n","protected":false},"excerpt":{"rendered":"<p>Altes Huttererhaus Hutmachertradition vom 17.- 19. Jahrhundert Modegesch\u00e4ft w\u00e4hrend der Kursaison ab 1880 Kutsam seit 1959 Chronik des Hauses 1750: \u201eSoldatenquartier\u201c 1753: Franz&nbsp;Dick, ein Hutmacher \u201eHuterer\u201c und Eintrag als \u201eradiziertes Gewerbe\u201c 1788 Johann&nbsp;La\u00dfleben&nbsp;\u2013&nbsp;B\u00fcrgermeister&nbsp;des Marktes Hall von 1800 \u2013 1806. 1801 Manufakturtabelle: der Hutmacher, ein Geselle und ein Gehilfe fertigen 269 St\u00fcck im Jahr an. 1821 [&hellip;]<\/p>\n","protected":false},"author":1,"featured_media":0,"parent":0,"menu_order":0,"comment_status":"closed","ping_status":"closed","template":"","meta":{"footnotes":""},"class_list":["post-4219","page","type-page","status-publish","hentry"],"yoast_head":"<!-- This site is optimized with the Yoast SEO plugin v27.4 - https:\/\/yoast.com\/product\/yoast-seo-wordpress\/ -->\n<title>Geschichte vom Modehaus Kutsam in Bad Hall am Hauptplatz 21 -<\/title>\n<meta name=\"robots\" content=\"index, follow, max-snippet:-1, max-image-preview:large, max-video-preview:-1\" \/>\n<link rel=\"canonical\" href=\"https:\/\/kutsam.at\/blog\/qrbadhallgeschichte\/\" \/>\n<meta property=\"og:locale\" content=\"de_DE\" \/>\n<meta property=\"og:type\" content=\"article\" \/>\n<meta property=\"og:title\" content=\"Geschichte vom Modehaus Kutsam in Bad Hall am Hauptplatz 21 -\" \/>\n<meta property=\"og:description\" content=\"Altes Huttererhaus Hutmachertradition vom 17.- 19. Jahrhundert Modegesch\u00e4ft w\u00e4hrend der Kursaison ab 1880 Kutsam seit 1959 Chronik des Hauses 1750: \u201eSoldatenquartier\u201c 1753: Franz&nbsp;Dick, ein Hutmacher \u201eHuterer\u201c und Eintrag als \u201eradiziertes Gewerbe\u201c 1788 Johann&nbsp;La\u00dfleben&nbsp;\u2013&nbsp;B\u00fcrgermeister&nbsp;des Marktes Hall von 1800 \u2013 1806. 1801 Manufakturtabelle: der Hutmacher, ein Geselle und ein Gehilfe fertigen 269 St\u00fcck im Jahr an. 1821 [&hellip;]\" \/>\n<meta property=\"og:url\" content=\"https:\/\/kutsam.at\/blog\/qrbadhallgeschichte\/\" \/>\n<meta property=\"article:publisher\" content=\"https:\/\/www.facebook.com\/kutsam\" \/>\n<meta property=\"article:modified_time\" content=\"2025-07-25T10:38:50+00:00\" \/>\n<meta name=\"twitter:card\" content=\"summary_large_image\" \/>\n<meta name=\"twitter:label1\" content=\"Gesch\u00e4tzte Lesezeit\" \/>\n\t<meta name=\"twitter:data1\" content=\"1\u00a0Minute\" \/>\n<!-- \/ Yoast SEO plugin. -->","yoast_head_json":{"title":"Geschichte vom Modehaus Kutsam in Bad Hall am Hauptplatz 21 -","robots":{"index":"index","follow":"follow","max-snippet":"max-snippet:-1","max-image-preview":"max-image-preview:large","max-video-preview":"max-video-preview:-1"},"canonical":"https:\/\/kutsam.at\/blog\/qrbadhallgeschichte\/","og_locale":"de_DE","og_type":"article","og_title":"Geschichte vom Modehaus Kutsam in Bad Hall am Hauptplatz 21 -","og_description":"Altes Huttererhaus Hutmachertradition vom 17.- 19. Jahrhundert Modegesch\u00e4ft w\u00e4hrend der Kursaison ab 1880 Kutsam seit 1959 Chronik des Hauses 1750: \u201eSoldatenquartier\u201c 1753: Franz&nbsp;Dick, ein Hutmacher \u201eHuterer\u201c und Eintrag als \u201eradiziertes Gewerbe\u201c 1788 Johann&nbsp;La\u00dfleben&nbsp;\u2013&nbsp;B\u00fcrgermeister&nbsp;des Marktes Hall von 1800 \u2013 1806. 1801 Manufakturtabelle: der Hutmacher, ein Geselle und ein Gehilfe fertigen 269 St\u00fcck im Jahr an. 1821 [&hellip;]","og_url":"https:\/\/kutsam.at\/blog\/qrbadhallgeschichte\/","article_publisher":"https:\/\/www.facebook.com\/kutsam","article_modified_time":"2025-07-25T10:38:50+00:00","twitter_card":"summary_large_image","twitter_misc":{"Gesch\u00e4tzte Lesezeit":"1\u00a0Minute"},"schema":{"@context":"https:\/\/schema.org","@graph":[{"@type":"WebPage","@id":"https:\/\/kutsam.at\/blog\/qrbadhallgeschichte\/","url":"https:\/\/kutsam.at\/blog\/qrbadhallgeschichte\/","name":"Geschichte vom Modehaus Kutsam in Bad Hall am Hauptplatz 21 -","isPartOf":{"@id":"https:\/\/kutsam.at\/blog\/#website"},"primaryImageOfPage":{"@id":"https:\/\/kutsam.at\/blog\/qrbadhallgeschichte\/#primaryimage"},"image":{"@id":"https:\/\/kutsam.at\/blog\/qrbadhallgeschichte\/#primaryimage"},"thumbnailUrl":"https:\/\/www.forumhall.at\/llahmurof2012\/wp-content\/uploads\/2023\/01\/Sch8-F161016Hauptpl.Kutsam.1962-1024x681.jpg","datePublished":"2025-07-25T10:28:42+00:00","dateModified":"2025-07-25T10:38:50+00:00","breadcrumb":{"@id":"https:\/\/kutsam.at\/blog\/qrbadhallgeschichte\/#breadcrumb"},"inLanguage":"de","potentialAction":[{"@type":"ReadAction","target":["https:\/\/kutsam.at\/blog\/qrbadhallgeschichte\/"]}]},{"@type":"ImageObject","inLanguage":"de","@id":"https:\/\/kutsam.at\/blog\/qrbadhallgeschichte\/#primaryimage","url":"https:\/\/www.forumhall.at\/llahmurof2012\/wp-content\/uploads\/2023\/01\/Sch8-F161016Hauptpl.Kutsam.1962-1024x681.jpg","contentUrl":"https:\/\/www.forumhall.at\/llahmurof2012\/wp-content\/uploads\/2023\/01\/Sch8-F161016Hauptpl.Kutsam.1962-1024x681.jpg"},{"@type":"BreadcrumbList","@id":"https:\/\/kutsam.at\/blog\/qrbadhallgeschichte\/#breadcrumb","itemListElement":[{"@type":"ListItem","position":1,"name":"Startseite","item":"https:\/\/kutsam.at\/blog\/"},{"@type":"ListItem","position":2,"name":"Geschichte vom Modehaus Kutsam in Bad Hall am Hauptplatz 21"}]},{"@type":"WebSite","@id":"https:\/\/kutsam.at\/blog\/#website","url":"https:\/\/kutsam.at\/blog\/","name":"www.kutsam.at","description":"","publisher":{"@id":"https:\/\/kutsam.at\/blog\/#organization"},"potentialAction":[{"@type":"SearchAction","target":{"@type":"EntryPoint","urlTemplate":"https:\/\/kutsam.at\/blog\/?s={search_term_string}"},"query-input":{"@type":"PropertyValueSpecification","valueRequired":true,"valueName":"search_term_string"}}],"inLanguage":"de"},{"@type":"Organization","@id":"https:\/\/kutsam.at\/blog\/#organization","name":"Modehaus Kutsam","url":"https:\/\/kutsam.at\/blog\/","logo":{"@type":"ImageObject","inLanguage":"de","@id":"https:\/\/kutsam.at\/blog\/#\/schema\/logo\/image\/","url":"https:\/\/kutsam.at\/blog\/wp-content\/uploads\/2025\/06\/Kutsam_Hauptlogo_positiv.jpg","contentUrl":"https:\/\/kutsam.at\/blog\/wp-content\/uploads\/2025\/06\/Kutsam_Hauptlogo_positiv.jpg","width":1,"height":1,"caption":"Modehaus Kutsam"},"image":{"@id":"https:\/\/kutsam.at\/blog\/#\/schema\/logo\/image\/"},"sameAs":["https:\/\/www.facebook.com\/kutsam","https:\/\/www.instagram.com\/modehaus_kutsam\/","https:\/\/www.linkedin.com\/company\/6187905","https:\/\/www.youtube.com\/channel\/UCpu3uHhA4NnoTi6PsIr0z1Q"]}]}},"publishpress_future_action":{"enabled":false,"date":"2026-04-26 17:31:36","action":"change-status","newStatus":"draft","terms":[],"taxonomy":"","extraData":[]},"publishpress_future_workflow_manual_trigger":{"enabledWorkflows":[]},"_links":{"self":[{"href":"https:\/\/kutsam.at\/blog\/wp-json\/wp\/v2\/pages\/4219","targetHints":{"allow":["GET"]}}],"collection":[{"href":"https:\/\/kutsam.at\/blog\/wp-json\/wp\/v2\/pages"}],"about":[{"href":"https:\/\/kutsam.at\/blog\/wp-json\/wp\/v2\/types\/page"}],"author":[{"embeddable":true,"href":"https:\/\/kutsam.at\/blog\/wp-json\/wp\/v2\/users\/1"}],"replies":[{"embeddable":true,"href":"https:\/\/kutsam.at\/blog\/wp-json\/wp\/v2\/comments?post=4219"}],"version-history":[{"count":2,"href":"https:\/\/kutsam.at\/blog\/wp-json\/wp\/v2\/pages\/4219\/revisions"}],"predecessor-version":[{"id":5098,"href":"https:\/\/kutsam.at\/blog\/wp-json\/wp\/v2\/pages\/4219\/revisions\/5098"}],"wp:attachment":[{"href":"https:\/\/kutsam.at\/blog\/wp-json\/wp\/v2\/media?parent=4219"}],"curies":[{"name":"wp","href":"https:\/\/api.w.org\/{rel}","templated":true}]}}